?
1
Let k = 14 + -10. Let g(v) = -32*v + 4 + 8*v + 7*v + 0*v**2 + 5*v**2 - v**3 + 13*v. What is the remainder when 18 is divided by g(k)?
2
Let k(g) = 12*g**2 + 173*g + 1817. What is the remainder when k(-12) is divided by 32?
29
What is the remainder when 14226/21 + ((-1)/(-21))/(27/324) is divided by 68?
66
Suppose 0 = -z + 6, 3*y - 117 = 21*z - 26*z. What is the remainder when 545 is divided by y?
23
Let t(o) = 9*o**2 + 81*o - 109. Calculate the remainder when t(12) is divided by 31.
20
Suppose 19 = y + 3. Let q = 67 + -47. What is the remainder when q is divided by y?
4
Let g(x) = -x**2 - 18*x. Let h = -227 - 47. Let y = h + 353. Calculate the remainder when y is divided by g(-17).
11
Let c = 163 - 129. Suppose -2*w - 3*d - d + c = 0, -2*d - 85 = -5*w. Calculate the remainder when 134 is divided by w.
15
Let o = 3007 - 2998. Suppose 3*b = -2*i + 8 - 2, 5*b = -3*i + 10. Suppose b*x = -3*x + 20. Calculate the remainder when o is divided by x.
1
Suppose 0 = -7*p + 2*p + 70. Calculate the remainder when 389 - 293 - -6*((-52)/12 - -4) is divided by p.
10
Suppose q + 3*q - 26 = -s, -2*q = -3*s - 6. What is the remainder when (-4616)/(-68) + q/51 is divided by 10?
8
Let s(r) = 0 + 4 + 0 - 4*r + 5*r. What is the remainder when 83 is divided by s(14)?
11
Suppose -3*h - v + 203 = -2*h, -403 = -2*h - v. What is the remainder when h is divided by (-3596)/1860*(-15)/1?
26
Suppose -47*h - 3498 = -113*h. Calculate the remainder when 307 is divided by h.
42
Suppose 28*d - 52857 = 29575. Calculate the remainder when d is divided by 976.
16
Let f = 11 - 10. Let j be 16*-3*(-5)/30. Suppose -5*z + 19 = i, -z = -4*i + 5 + j. Calculate the remainder when i is divided by f.
0
Let r(h) = 26*h**2 + 3*h + 18. Calculate the remainder when 192 is divided by r(-2).
76
Let j(a) = 6*a - 63. Let g be j(11). Suppose 2 = 2*u, g*u = 4*i + u - 498. Calculate the remainder when i is divided by 18.
17
Let l(i) = 319*i - 198. Let a(b) = 61*b - 40. Let r(c) = 21*a(c) - 4*l(c). Let f = 20 + -6. What is the remainder when 104 is divided by r(f)?
16
Suppose 76 = 3*i - 164. Suppose 3 = -u, 4*x - 9*x - 5*u + i = 0. Calculate the remainder when ((-16)/(-6))/(9/189) is divided by x.
18
Suppose -3*w + j = -325 + 85, 10*j = -w + 49. What is the remainder when w is divided by 65?
14
Let j be -5 + 117/9 - -510. Let w = j - 463. What is the remainder when 100 is divided by w?
45
Let m be 4/(-8)*(10 + -2)*-68. Let n = m + -217. What is the remainder when n is divided by 3?
1
Let v(o) = 110*o - 2414. Calculate the remainder when v(75) is divided by 1942.
10
Let q(w) = -50*w**3 - 2*w**2 - 2*w. Let s be q(-1). Suppose -2*a = 2*c - 2 + 6, -9 = 3*c. What is the remainder when (a - 3) + s + 0 is divided by 17?
14
Let f = -3029 - -3193. Calculate the remainder when f is divided by 18.
2
Suppose -66*a = -78*a + 180. Suppose a*u - 493 = -2*u. Calculate the remainder when 49 is divided by u.
20
Let g be 3/(3 + 0)*5. Suppose -g*f + 34 + 51 = 0. Suppose -53 = -4*n - f. Calculate the remainder when 78 is divided by n.
6
Let x be -1 + 0 + 3 - (0 - 3). Suppose -19976 = -27*y + x*y. What is the remainder when y is divided by 65?
63
Let f(u) = u**2 + 9*u - 246. Let z(l) = l**2 - 14*l - 18. Let q be z(16). Calculate the remainder when f(q) is divided by 16.
12
Let l = -156 - -171. Suppose 4*q + d - 16 = 21, 4*q - 33 = 3*d. Calculate the remainder when l is divided by q.
6
Let u(t) be the first derivative of 52*t**3/3 + t**2/2 - t - 125. What is the remainder when u(-1) is divided by 16?
2
Let w be -2*(-1 - (-4 - -4)) + 4. Suppose 2*l - w*l = p, p = l. Suppose 4*m + 3*x = 8*x + 70, 2*m - 2*x - 36 = p. What is the remainder when 54 is divided by m?
14
Let j(z) = -20*z - 15. Let k be j(-1). Suppose -775 - 300 = -k*l. What is the remainder when l is divided by 7?
5
Let b(w) = -6*w + 36. Let t be b(3). Calculate the remainder when (123/t)/((-1)/(-4 - 2)) is divided by 12.
5
Suppose -3*w + 4*i + 98 = -56, -i = -3*w + 151. Suppose -5*v + 0*v + 3*y = -271, 4*y - 12 = 0. Let m = v - 38. Calculate the remainder when w is divided by m.
14
Suppose -72*m = -45*m - 89127. What is the remainder when m is divided by 118?
115
Let z be (60/(-16))/5 + (-120)/(-32). Suppose 5*f - 80 = z*b, -f - 21*b + 16 = -23*b. Let o = -31 - -75. What is the remainder when o is divided by f?
12
Suppose 3*q - 118 = -l + 6*l, -5*l = -5. Let t = -265 + 473. Let u = t - 186. Calculate the remainder when q is divided by u.
19
Let k = 103 - 97. What is the remainder when (6/(-16))/(k/8)*-82 is divided by 12?
5
Suppose 0 = -108*u + 104*u - 8. Let b be 0 - 0 - (-1902)/(-12)*u. Suppose -k - b = -5*w - 33, -4*w + 230 = 2*k. What is the remainder when w is divided by 20?
17
Suppose -13*l + 12*l = 6. Let n(c) = c**3 + 5*c**2 - 17*c - 57. What is the remainder when 70 is divided by n(l)?
7
Let u(s) = s**2 + 15*s + 87. Suppose 6*y + 16 = -2*n + 4*y, -4*y + 17 = -3*n. What is the remainder when 86 is divided by u(n)?
24
Let s = -3255 - -3329. Calculate the remainder when 958 is divided by s.
70
Let d(b) = -b**3 - 19*b**2 - b + 3. Let a be d(-19). Let z(p) = p**2 + p - 6. Let n be z(2). Calculate the remainder when 97 is divided by 30*(a/6 + n + -3).
17
What is the remainder when 316810/120 - (10 + 952/(-96)) is divided by 25?
15
Let r be ((-2)/12)/((-17)/(-34))*-12. Suppose -4*s + 7*s = -a + 15, -a + r*s = 6. Calculate the remainder when 49 + -1 + (1 - 0) is divided by a.
1
Suppose k = 2*u - 145, -2*k + 139 = 2*u + 3*k. What is the remainder when u is divided by (6/12)/((-3)/(-150))?
22
What is the remainder when 2437 is divided by (-2 + -3)/((44/(-32))/11)?
37
Let k = -33906 - -33923. Calculate the remainder when 2/(4/398) - -3 is divided by k.
15
Let o = 14126 - 13963. What is the remainder when 327 is divided by o?
1
Suppose 2*j = 2*m + 388, -5*m - 388 = -2*j - 4*m. Suppose -228 = 5*z - b, -5*z = -z + 5*b + j. Let r = z - -59. Calculate the remainder when r is divided by 4.
1
Calculate the remainder when 518 is divided by 4 - (-12)/((-108)/(-765))*2.
170
Let s(x) = -503*x - 2907. Calculate the remainder when s(-6) is divided by 7.
6
Suppose 0*y = y - 12. Let n(u) be the second derivative of u**3/6 - u**2/2 - 10*u + 1. Calculate the remainder when 41 is divided by n(y).
8
Calculate the remainder when 1754 is divided by 5 + (2 - 4) + -12 + 879.
14
Let r = -28 + 41. Suppose -8*p + 7 = -17. What is the remainder when 4/p + 1120/15 is divided by r?
11
Let z(l) = 0*l**2 - 4*l + 10*l + l**2 - l + l + 8. Let p = -12 + 4. Calculate the remainder when 93 is divided by z(p).
21
Let h = 12 - 5. Let f(p) = 68 + 383*p + 371*p - p**2 - 734*p. What is the remainder when f(22) is divided by h?
3
Suppose 325 = 22*y - 17*y. Suppose 0 = -2*u - v + 17, -u + 6*u - 5*v = y. What is the remainder when 48 is divided by u?
8
Suppose 2*l + 66 = 3*l. Calculate the remainder when 84 is divided by -4*3/l - 963/(-33).
26
Let v(c) = c**3 - 6*c**2 + c. Let p be v(5). Suppose 87 = -82*g + 85*g. Let w = p + g. What is the remainder when w is divided by 4?
1
Calculate the remainder when 429 is divided by 0 + (-9)/(-63) - 136/(-28).
4
Suppose -t - 3*j + 404 = t, -5*j = 2*t - 408. Let l(r) = -2285*r - 15944. Calculate the remainder when t is divided by l(-7).
46
Suppose 156*g - 157*g - 5 = 0. Let d(r) = -3*r - 4. What is the remainder when 437 is divided by d(g)?
8
Let r(z) = -9*z - 6. Let n be -1 + 10 - (0 + 4). Suppose 2*m - 56 = -n*x, 15 = -5*x - 5*m + 65. What is the remainder when r(-7) is divided by x?
9
Suppose -30630 = -287*g - 1356. Calculate the remainder when 395 is divided by g.
89
Let u(c) = -c**3 + 42*c**2 - 303*c - 23. What is the remainder when 205 is divided by u(10)?
58
Suppose 0 = 13599*t - 13602*t + 6, 2*z = 5*t + 36. Suppose -3*c = -4*h + 536, 131 = h + c - 10. Calculate the remainder when h is divided by z.
22
Suppose 4500 = -7*p + 52*p. Calculate the remainder when 394 is divided by p.
94
Suppose 21*u - 4714 = 2300. What is the remainder when u is divided by 20?
14
Suppose 0 = -25*q + 16*q. Suppose -2*g - 8 = q, 0 = 4*z - z - 5*g - 242. What is the remainder when 516 is divided by z?
72
Calculate the remainder when 414 is divided by ((-2 - -16)/(-2))/((-2 - 6) + 7).
1
Let y(i) = -89*i + 5407. What is the remainder when 2179 is divided by y(59)?
151
Suppose -b - 305